{"id":1630,"date":"2021-12-01T10:00:00","date_gmt":"2021-12-01T09:00:00","guid":{"rendered":"https:\/\/gpsites.co\/dispatch\/?page_id=1630"},"modified":"2022-01-13T23:15:18","modified_gmt":"2022-01-13T22:15:18","slug":"qui-sommes-nous","status":"publish","type":"page","link":"https:\/\/www.magic4media.com\/blog\/qui-sommes-nous\/","title":{"rendered":"Qui sommes-nous ?"},"content":{"rendered":"\n<h2 class=\"wp-block-heading\">\u00c0 propos <\/h2>\n\n\n\n<p>Le Blog d\u2019Objets Publicitaires et Goodies Entreprise par <a href=\"https:\/\/www.magic4media.com\/\" data-type=\"URL\" data-id=\"https:\/\/www.magic4media.com\/\">Magic4media<\/a> veut partager avec vous les actualit\u00e9s, les nouveaut\u00e9s, et vous conseiller au mieux pour l\u2019achat de vos objets publicitaires.&nbsp;<\/p>\n\n\n\n<p>Notre objectif est de vous aider \u00e0 faire les bons choix et de vous orienter vers l&rsquo;objet publicitaire qui repr\u00e9sentera au mieux votre entreprise afin de la promouvoir.<\/p>\n\n\n\n<p>En quoi consiste le Blog des Objets Publicitaires et Goodies Entreprise ?&nbsp;<\/p>\n\n\n\n<p>Ce blog nous permet non seulement de vous informer, mais aussi de vous donner des conseils et astuces sur les produits tendances. Il vous servira \u00e9galement \u00e0 d\u00e9couvrir des goodies originaux. Nous voulons partager avec vous notre expertise, pour vous accompagner au mieux dans votre recherche d\u2019objets publicitaires et goodies personnalis\u00e9s \u00e0 l\u2019image de votre entreprise. <\/p>\n\n\n\n<p>Nous voulons vous informer et rendre accessible \u00e0 tous cet univers compos\u00e9 de sp\u00e9cificit\u00e9s techniques parfois complexes.<\/p>\n\n\n\n<p>Vous recherchez un objet publicitaire ou goodies ? Gr\u00e2ce au blog, trouvez l\u2019id\u00e9e originale qui vous d\u00e9marquera de vos concurrents.<\/p>\n\n\n\n<p>L\u2019expert goodies vous d\u00e9voile ses conseils et astuces au travers d\u2019articles d\u00e9di\u00e9s au monde de l\u2019Objet Publicitaire et Goodies Entreprise. Actualit\u00e9s, Nouveaut\u00e9s, Made in France, \u00c9co-responsable, ne ratez rien !<\/p>\n\n\n\n<p><\/p>\n\n\n\n<h2 class=\"wp-block-heading\">L&rsquo;entreprise <\/h2>\n\n\n\n<p>Magic4media est sp\u00e9cialis\u00e9e dans la r\u00e9alisation et la production d\u2019objets publicitaires et goodies entreprise. Nous \u0153uvrons depuis 2006 et sommes reconnus pour notre savoir-faire et \u00e0 la qualit\u00e9 de nos produits qui sauront satisfaire toutes vos demandes. Nous vous proposons un large choix de produits personnalisables,&nbsp;mais aussi \u00e9co-responsables et made in France, qui s\u2019inscriront dans la d\u00e9marche RSE de votre entreprise.&nbsp;<\/p>\n\n\n\n<p>Retrouvez l&rsquo;int\u00e9gralit\u00e9 de nos produits en consultant notre catalogue en ligne : <a href=\"https:\/\/www.magic4media.com\/\" target=\"_blank\" rel=\"noreferrer noopener\">https:\/\/www.magic4media.com<\/a>&nbsp;<\/p>\n\n\n\n<p><\/p>\n\n\n\n<h2 class=\"wp-block-heading\">Les valeurs de l&rsquo;entreprise <\/h2>\n\n\n\n<p>Magic4media au travers du Blog des Objets Publicitaires et Goodies Entreprise vise \u00e0 offrir la plus grande qualit\u00e9 de service \u00e0 nos clients. Cette ambition nous conduit \u00e0 nous engager dans un avenir durable et solidaire et \u00e0 r\u00e9duire notre impact environnemental. Dans cette optique, Magic4media, op\u00e8re dans le respect de ces valeurs :&nbsp;<\/p>\n\n\n\n<ul class=\"wp-block-list\"><li>La performance durable (Proposer une offre toujours plus qualificative \u00e0 nos clients)<\/li><li>L\u2019humanit\u00e9 (la bienveillance, le respect, l\u2019\u00e9coute et la confiance dans nos \u00e9changes avec nos collaborateurs, nos fournisseurs et nos clients)<\/li><li>Engagement environnemental (Magic4media suit une d\u00e9marche RSE pour minimiser son impact environnemental et a ainsi obtenu la m\u00e9daille d\u2019argent Ecovadis)&nbsp;<\/li><li>Collectif (en laissant \u00e0 chaque employ\u00e9 la possibilit\u00e9 d\u2019exprimer ses id\u00e9es)<\/li><\/ul>\n","protected":false},"excerpt":{"rendered":"<p>\u00c0 propos Le Blog d\u2019Objets Publicitaires et Goodies Entreprise par Magic4media veut partager avec vous les actualit\u00e9s, les nouveaut\u00e9s, et vous conseiller au mieux pour &#8230; <a title=\"Qui sommes-nous ?\" class=\"read-more\" href=\"https:\/\/www.magic4media.com\/blog\/qui-sommes-nous\/\" aria-label=\"En savoir plus sur Qui sommes-nous ?\">Lire la suite<\/a><\/p>\n","protected":false},"author":1,"featured_media":0,"parent":0,"menu_order":0,"comment_status":"closed","ping_status":"closed","template":"","meta":{"footnotes":""},"class_list":{"0":"post-1630","1":"page","2":"type-page","3":"status-publish","5":"infinite-scroll-item"},"_links":{"self":[{"href":"https:\/\/www.magic4media.com\/blog\/wp-json\/wp\/v2\/pages\/1630","targetHints":{"allow":["GET"]}}],"collection":[{"href":"https:\/\/www.magic4media.com\/blog\/wp-json\/wp\/v2\/pages"}],"about":[{"href":"https:\/\/www.magic4media.com\/blog\/wp-json\/wp\/v2\/types\/page"}],"author":[{"embeddable":true,"href":"https:\/\/www.magic4media.com\/blog\/wp-json\/wp\/v2\/users\/1"}],"replies":[{"embeddable":true,"href":"https:\/\/www.magic4media.com\/blog\/wp-json\/wp\/v2\/comments?post=1630"}],"version-history":[{"count":2,"href":"https:\/\/www.magic4media.com\/blog\/wp-json\/wp\/v2\/pages\/1630\/revisions"}],"predecessor-version":[{"id":2300,"href":"https:\/\/www.magic4media.com\/blog\/wp-json\/wp\/v2\/pages\/1630\/revisions\/2300"}],"wp:attachment":[{"href":"https:\/\/www.magic4media.com\/blog\/wp-json\/wp\/v2\/media?parent=1630"}],"curies":[{"name":"wp","href":"https:\/\/api.w.org\/{rel}","templated":true}]}}